Convert -da9c (base 14) to base 13.
-14265
11c90 (base 13) to base 9
50118
What is 10100111010100 (base 2) in base 16?
29d4
-385 (base 9) to base 6
-1252
-638 (base 13) to base 5
-13221
What is 10004 (base 6) in base 8?
2424
What is -b127 (base 12) in base 4?
-10223233
What is 10101000000 (base 2) in base 14?
6c0
What is -9350 (base 14) in base 10?
-25354
Convert -9251 (base 10) to base 16.
-2423
Convert -20322 (base 5) to base 2.
-10100111001
Convert 14a7 (base 13) to base 14.
1150
Convert 755 (base 12) to base 5.
13243
Convert 325 (base 7) to base 4.
2212
What is -20030333 (base 4) in base 11?
-23275
11011000 (base 3) to base 5
44044
What is 6675 (base 12) in base 6?
124225
Convert 360 (base 12) to base 11.
419
Convert -452 (base 14) to base 6.
-3544
What is 13624 (base 9) in base 12?
5434
Convert -3453 (base 7) to base 11.
-a49
Convert 2680 (base 15) to base 13.
3984
What is 567 (base 8) in base 14?
1cb
Convert -20222212 (base 3) to base 14.
-1c03
What is 4826 (base 13) in base 11?
7708
2a047 (base 11) to base 14
1177d
Convert -111010001011 (base 2) to base 3.
-12002220
3083 (base 10) to base 7
11663
15c1 (base 15) to base 13
2191
-2b54 (base 13) to base 9
-8604
-7543 (base 8) to base 12
-2343
Convert -3010 (base 5) to base 10.
-380
What is -14221 (base 7) in base 12?
-22ba
-49971 (base 10) to base 6
-1023203
What is -1110110011 (base 2) in base 7?
-2522
886 (base 12) to base 7
3441
-100 (base 6) to base 16
-24
What is 1111022 (base 3) in base 12?
768
Convert -28 (base 12) to base 16.
-20
What is -3275a (base 12) in base 7?
-365404
What is 2102012 (base 3) in base 10?
1760
Convert 410 (base 16) to base 10.
1040
Convert 1313244 (base 6) to base 16.
1195c
5256 (base 8) to base 15
c24
Convert 121200 (base 3) to base 7.
1212
Convert 167630 (base 8) to base 9.
103121
-432334 (base 5) to base 10
-14719
2d14 (base 14) to base 9
12038
-2410 (base 7) to base 10
-889
Convert -2126 (base 8) to base 16.
-456
What is 8854 (base 10) in base 9?
13127
What is 212 (base 11) in base 2?
11111111
What is 210004 (base 6) in base 5?
1014402
What is 8491 (base 11) in base 13?
5160
What is 10221 (base 5) in base 11?
574
What is 13301 (base 4) in base 15?
232
Convert 140113 (base 6) to base 4.
3023031
-931 (base 10) to base 14
-4a7
Convert 135142 (base 6) to base 4.
3020012
47b4 (base 15) to base 12
89a4
What is 11010100100010 (base 2) in base 16?
3522
What is -12126 (base 8) in base 7?
-21115
What is 562 (base 7) in base 2?
100100001
230415 (base 7) to base 2
1010000001000001
Convert -d9 (base 16) to base 14.
-117
1001101011101 (base 2) to base 9
6717
568 (base 15) to base 11
a12
-7a8 (base 15) to base 4
-123011
Convert 234 (base 8) to base 5.
1111
Convert 227 (base 10) to base 15.
102
What is a99 (base 13) in base 11?
1401
What is -111001 (base 3) in base 4?
-11200
What is -22324 (base 10) in base 16?
-5734
What is 211300 (base 4) in base 6?
15104
8050 (base 9) to base 14
21db
4764 (base 10) to base 6
34020
Convert -2d80 (base 15) to base 5.
-303140
-473 (base 12) to base 11
-553
-145c (base 15) to base 2
-1000100001010
What is 23990 (base 11) in base 13?
128c0
What is -1c (base 16) in base 3?
-1001
1023102 (base 4) to base 14
1a82
45340 (base 6) to base 9
8686
Convert -4c (base 13) to base 6.
-144
Convert 10001011111 (base 2) to base 9.
1473
Convert -259 (base 12) to base 5.
-2412
What is 3606 (base 13) in base 11?
579a
Convert 1535 (base 6) to base 16.
1a3
What is 24105 (base 6) in base 11?
269a
Convert -987 (base 15) to base 12.
-12b4
What is -287 (base 15) in base 8?
-1101
-16bb (base 13) to base 2
-110100100101
What is a03 (base 12) in base 11?
10a2
-c5c (base 15) to base 4
-223203
-621 (base 10) to base 7
-1545
Convert -34566 (base 10) to base 3.
-1202102020
8a97 (base 11) to base 2
10111010111100
What is 24452 (base 6) in base 11?
2802
What is 112221 (base 4) in base 14?
757
1353 (base 13) to base 12
1730
What is -140 (base 7) in base 9?
-85
-271b (base 15) to base 10
-8351
398 (base 16) to base 11
767
2b28 (base 13) to base 15
1ce2
-73c3 (base 14) to base 7
-112133
What is -1036 (base 8) in base 7?
-1403
Convert 401514 (base 6) to base 8.
75426
-c04 (base 13) to base 11
-1588
-21102111 (base 3) to base 11
-4081
Convert -795d (base 16) to base 8.
-74535
What is -1246 (base 8) in base 3?
-221010
Convert -12c (base 16) to base 12.
-210
9a36 (base 16) to base 3
2000011011
Convert -1269 (base 13) to base 2.
-101000111110
What is 151500 (base 6) in base 13?
6891
What is 1cb (base 14) in base 9?
456
-72111 (base 8) to base 3
-1111211120
Convert -5680 (base 10) to base 16.
-1630
-42163 (base 9) to base 13
-c897
What is -642 (base 16) in base 15?
-71c
-11012 (base 7) to base 9
-3688
What is 3130 (base 7) in base 8?
2113
What is 7569 (base 13) in base 4?
3332313
What is 47a (base 11) in base 7?
1444
What is 103033 (base 4) in base 13?
739
1010010001010 (base 2) to base 5
132013
Convert 828 (base 15) to base 3.
2112002
What is 1a4 (base 14) in base 15?
17a
20835 (base 12) to base 5
2331130
4c29 (base 14) to base 7
53652
What is -bc (base 15) in base 11?
-151
b3ad (base 16) to base 8
131655
40a3 (base 13) to base 4
2023121
-220202 (base 3) to base 16
-29c
Convert 1111011100000 (base 2) to base 6.
100332
Convert -3a1a (base 14) to base 15.
-3061
Convert b0c3 (base 14) to base 7.
154333
Convert 20316 (base 8) to base 15.
274d
36a (base 11) to base 3
121021
55431 (base 9) to base 13
1399c
61a7 (base 12) to base 15
3244
Convert 16335 (base 7) to base 6.
33240
Convert 7673 (base 9) to base 6.
42103
Convert -211021 (base 3) to base 5.
-4401
-6 (base 13) to base 6
-10
1a4 (base 14) to base 13
202
Convert 104 (base 7) to base 10.
53
What is -21402 (base 5) in base 12?
-a31
Convert 4600 (base 9) to base 7.
12630
Convert -87 (base 10) to base 9.
-106
What is 32100 (base 4) in base 13?
552
What is 14122 (base 10) in base 4?
3130222
What is -3132 (base 4) in base 2?
-11011110
93 (base 11) to base 10
102
Convert 1021000 (base 4) to base 13.
2185
-a4 (base 13) to base 4
-2012
Convert -112523 (base 7) to base 6.
-233152
-3054 (base 7) to base 9
-1416
a3 (base 16) to base 5
1123
What is -24870 (base 10) in base 13?
-b421
What is 1242 (base 7) in base 3?
122110
131414 (base 6) to base 5
341114
5632 (base 12) to base 11
7195
What is -1422 (base 6) in base 13?
-22a
-230 (base 7) to base 12
-9b
What is -152153 (base 8) in base 11?
-37946
What is 2231 (base 11) in base 12?
184a
Convert -693a (base 15) to base 10.
-22330
What is -5064 (base 10) in base 5?
-130224
What is -375 (base 11) in base 12?
-311
Convert -2112121100 (base 3) to base 11.
-34637
What is 1200030 (base 4) in base 3?
22110000
What is 132000 (base 4) in base 6?
12520
Convert -45 (base 7) to base 3.
-1020
Convert 21021002 (base 3) to base 2.
1010010101110
What is -2513 (base 9) in base 13?
-b13
Convert -1052 (base 11) to base 3.
-1220102
1224213 (base 5) to base 13
aa1a
317 (base 10) to base 13
1b5
2031231 (base 4) to base 13
4188
11101011111 (base 2) to base 11
1466
What is 1235 (base 8) in base 5?
10134
-1b84a (base 12) to base 16
-9ffa
1500 (base 9) to base 16
46e
-114146 (base 7) to base 9
-31308
7761 (base 10) to base 14
2b85
What is 2453 (base 6) in base 12?
429
-150 (base 14) to base 5
-2031
-36 (base 10) to base 6
-100
11111101 (base 2) to base 9
311
Convert 21356 (base 7) to base 10.
5333
65663 (base 9) to base 2
1010101000100010
What is -7d1 (base 14) in base 2?
-11000010011
-9152 (base 15) to base 11
-21059
979 (base 16) to base 13
1147
What is 32623 (base 10) in base 4?
13331233
Convert 210 (base 9) to base 3.
20100
What is 3564 (base 12) in base 11?
4547
1560 (base 10) to base 4
120120
What is 114 (base 9) in base 15?
64
-24c (base 14) to base 8
-714
Convert 13111323 (base 4) to base 9.
45226
Convert 1101111101110011 (base 2) to base 13.
20063
Convert 1834 (base 11) to base 12.
1428
Convert -17311 (base 8) to base 2.
-1111011001001
Convert 2c44 (base 13) to base 5.
201403
Convert 101011001100 (base 2) to base 5.
42024
Convert 1011101101 (base 2) to base 7.
2120
What is 11001 (base 4) in base 10?
321
What is -732 (base 11) in base 15?
-3dc
What is 7435 (base 9) in base 5?
133314
-5626 (base 13) to base 5
-341111
Convert 87ec (base 15) to base 9.
43446
What is -1ac (base 15) in base 5?
-3022
Convert 1177 (b